. Does 4 divide a?
False
Let q = -347 - -513. Does 8 divide q?
False
Let t(u) = u**3 - 7*u**2 - 7*u + 6. Let o = 14 + -6. Let p be t(o). Let w = p + 42. Is 28 a factor of w?
True
Let u be 4/10 + 26/10. Suppose -u*v = -v - 72. Is 18 a factor of v?
True
Let r(n) = n**2 - 6*n + 1. Let m(y) = 2*y - 6. Let f be m(2). Let v(i) = -2*i**2 + 13*i - 2. Let q(z) = f*v(z) - 5*r(z). Is q(3) a multiple of 2?
True
Let i be (36/14)/(2/(-28)). Suppose -4*p - 4*z - 96 = 0, -3*z = 5*p - p + 94. Let t = p - i. Is t a multiple of 7?
True
Let j(y) = y**3 + 9*y**2 + 8*y + 8. Suppose -4*t - t - 35 = 0. Does 36 divide j(t)?
False
Let v be (5 - 21/15)*(-15)/(-9). Is 4 - (1/v - 830/12) a multiple of 15?
False
Is 5 a factor of 1/(-2)*(-141 - 5)?
False
Let j(b) = -b + 1. Let o(p) = -p**2 + 12*p - 5. Let k(y) = -3*j(y) - o(y). Does 6 divide k(10)?
True
Let g = 6 - 2. Suppose 0 = -5*a + g*a + 173. Is 19 a factor of a?
False
Let s(m) = 5*m - 25. Let j be s(7). Let k = 2 - 7. Let x = k + j. Is 5 a factor of x?
True
Let i(o) = o**3 + 13*o**2 + 9*o + 4. Is 21 a factor of i(-5)?
False
Let b(x) be the second derivative of 1/6*x**4 + 0 + x - 3/2*x**2 + 1/2*x**3 + 3/10*x**5. Does 18 divide b(2)?
False
Let a(c) = c**3 - 7*c**2 - 56*c - 8. Does 3 divide a(13)?
False
Suppose 2880 = 15*c - 3*c. Is c a multiple of 8?
True
Suppose u - 4*c - 30 = 0, 5*u - 4*c - 198 = -0*c. Let w = 62 - u. Let k = w - 13. Is k even?
False
Let r be (3 + (-80)/28)/((-1)/(-7)). Let c(v) = 67*v + 2. Does 10 divide c(r)?
False
Does 22 divide 33/(-4)*(8 + 416/(-39))?
True
Let t(c) = -8*c - 3. Let w be t(-10). Suppose -5*v = 128 - 383. Let m = w - v. Does 22 divide m?
False
Let z = -394 - -662. Does 10 divide z?
False
Let w be 3/9*-1*0. Suppose w = -2*r + r + s + 1, 3*r + 4*s = -4. Suppose -m + 9 - 1 = r. Does 8 divide m?
True
Let z be (-4)/2*(-21)/14. Suppose -b - 3*b + 3*j + 21 = 0, 6 = 5*b + z*j. Suppose -b*t - u = -89, 0*t + 58 = 2*t + u. Does 8 divide t?
False
Let d = 20 - 8. Suppose -d*w = -7*w - 115. Is w a multiple of 6?
False
Suppose -42 + 2 = -4*v. Suppose 0 = -5*a - 2*l + 63 - v, -5*l = 5*a - 65. Does 8 divide a?
False
Let l = 39 - 35. Is -1*l*(-19)/4 a multiple of 6?
False
Let s(b) = 4*b**2 - 3*b + 8. Let k be s(2). Suppose 420 = k*v - 4*v. Is v a multiple of 22?
False
Suppose 0 = -a - 0*a - 66. Let r(s) = -s**3 - 14*s**2 + 8*s - 2. Let o be r(-14). Let j = a - o. Does 15 divide j?
False
Let p = -29 - -9. Let w be (-21)/(-14)*(-16)/6. Is 8 a factor of ((-6)/w)/((-3)/p)?
False
Suppose -3*x + 2*x = -3*l, 0 = 4*x - 3*l - 18. Let h(s) = -s**3 + 5*s**2 + 7*s - 4. Let f be h(x). Does 15 divide (26 - (-8)/4) + f?
True
Let o = 15 + -23. Let c(q) be the second derivative of q**4/12 + q**3/6 + 7*q**2/2 - q. Is c(o) a multiple of 12?
False
Let f = 128 + -84. Is 9 a factor of f?
False
Let t = 102 + -89. Suppose g - 23 = -0*g. Let k = g - t. Does 5 divide k?
True
Suppose 2*r = 4*r - 4. Suppose -r*a + 2*s + 404 = 0, 4*s - 227 = -5*a + 4*a. Suppose 5*c - a - 18 = 0. Does 14 divide c?
False
Let v(a) = -13*a + 6. Let l be v(5). Let x = -78 + 226. Let b = l + x. Is 26 a factor of b?
False
Let n be 535/20 + 1/4. Suppose -k + 207 = 5*g, -2*g - n = -3*g - 5*k. Does 29 divide g?
False
Let h(x) = 17*x**2 + 4. Let c be h(5). Let t(v) = -v**3 + 12*v**2 + 12. Let r be t(12). Does 36 divide 1/4 + c/r?
True
Let i(f) = 10*f**2 + 48*f + 68. Is i(-16) a multiple of 20?
True
Suppose 0 = 4*a - 25 + 5. Let i(g) = 2*g**3 - 6*g**2 - 5*g. Let z be i(a). Is z/(-6)*(-8)/5 a multiple of 6?
False
Let k = 86 - 87. Is ((-558)/(-6) - 4)*(0 - k) a multiple of 4?
False
Let d(m) be the second derivative of -m**3/6 + 5*m**2/2 + 16*m. Does 6 divide d(-10)?
False
Let s be ((-51)/2)/(2/(-4)). Suppose -4*n = -n + 5*o + 153, -s = n + 2*o. Let x = 85 + n. Is 18 a factor of x?
False
Let i(v) = 67*v**2 - 19*v + 48. Does 54 divide i(3)?
True
Let x(d) = 5*d + 113. Let i be x(-21). Let p(s) be the first derivative of -s**2/2 + 24*s + 1. Does 8 divide p(i)?
True
Let c = 6 + 1. Let d = 70 - 63. Is 129/c - 3/d a multiple of 17?
False
Let q(a) = a**3 + 12*a**2 + 9*a. Suppose -r + 14 = 6*r. Suppose -4*s - i = 43, 0 = r*s + 5*i + 5 + 12. Is 11 a factor of q(s)?
True
Let u(v) = -2*v**3 - 7*v**2 - 22*v + 18. Is 35 a factor of u(-8)?
True
Let c(w) = w**2 + w + 28. Suppose 4*m = -5*i - 10, 5*i + 1 + 4 = -3*m. Let l be i/10 + (-7)/35. Does 10 divide c(l)?
False
Let r(s) = -s**3 + s**2 + s + 3. Let x be r(0). Suppose 2*m + x - 13 = 0. Does 10 divide m + -5 + 0 + 28?
False
Let r be 7/(-7)*(-4 + -3). Let f(o) = 2*o**2 - 2*o. Does 28 divide f(r)?
True
Let b(l) = 86*l - 21. Does 61 divide b(6)?
False
Let b = -198 - -528. Suppose -b = -4*f + f. Is f a multiple of 10?
True
Let g(q) be the third derivative of q**5/60 + q**4/3 + 11*q**3/6 - 10*q**2. Let n be g(-7). Suppose 3*h = -15, -6*s - n*h = -2*s - 64. Is s a multiple of 4?
False
Let j = 44 - 28. Suppose 2*p - j = -2*t, 4*t = 5*p + 18 + 5. Suppose 0 = -4*u + 4*z + 200, -2*u = -t*z + 3*z - 92. Is 17 a factor of u?
False
Let r = 4089 - 1411. Is r a multiple of 13?
True
Let w(l) = -l**3 - 14*l**2 + 14*l - 12. Let b be w(-15). Suppose b*t = 7*t - 140. Let o = t - 20. Is o a multiple of 14?
False
Let f be (3 - 0 - 4) + 3. Is (-39)/f*4/(-3) a multiple of 5?
False
Let f(k) be the first derivative of -k**4/4 - k**3/3 + k**2/2 - 3*k - 1. Let h be f(0). Does 5 divide ((-28)/(-6))/((-2)/h)?
False
Let r(t) = -99*t**3 + 2*t**2 + 2*t. Let k be r(-1). Let s = k - 88. Is 9 a factor of s?
False
Let a(w) = -22*w**3 + w**2 - 1. Let b = 17 + -11. Suppose 1 - b = 5*c. Does 9 divide a(c)?
False
Let o(h) = -314*h + 2. Let t be o(-2). Suppose -3*g + 5*i - 1 = 0, 5*g - 7*i + 3*i = 20. Suppose -g*w = -2*w - t. Does 15 divide w?
True
Does 3 divide 24 + -26 + 3471/(3 - 0)?
True
Let i = -12 + 17. Suppose 3*y + i*j - 248 = 0, 2*j - 7 = 1. Suppose 92 + y = 4*n. Is 11 a factor of n?
False
Let s(n) = -n**3 + 50*n**2 - 43*n - 257. Is 10 a factor of s(49)?
False
Let f(n) = -3*n. Let g be f(-4). Let b be ((-4)/(-18) - (-76)/(-18)) + 2. Is (-4)/g*b*75 a multiple of 13?
False
Let m = 8 - 5. Let u(t) = m - 7*t + 1 - 3. Is u(-5) a multiple of 18?
True
Let n = 250 - -122. Does 12 divide n?
True
Suppose 4*b = -6 + 22. Suppose -3*x = -4*j - 268, b*x = j + 4*j + 357. Let p = -40 + x. Is p a multiple of 12?
True
Suppose 0 = -14*b - 34 + 706. Does 4 divide b?
True
Let q = -111 - -895. Does 16 divide q?
True
Let l(m) be the first derivative of -m**3/3 + 6*m**2 + 5*m + 5. Is l(12) even?
False
Let k = -118 + 87. Let s = 357 + k. Is s a multiple of 40?
False
Let j(x) = x**2 - 7*x + 123. Does 39 divide j(19)?
True
Let p = 62 - 390. Let j be 3/5 + p/(-20). Let q = j + -10. Is 7 a factor of q?
True
Let a be (4/(-10))/((-18)/(-180)). Let l(k) = -2*k**3 - 5*k**2 - k + 2. Is l(a) a multiple of 27?
True
Let p(l) = -60*l**3 + 9*l**2 + 10*l - 3. Let k(x) = -40*x**3 + 6*x**2 + 7*x - 2. Let s(v) = -7*k(v) + 5*p(v). Is 4 a factor of s(-1)?
False
Let b be (((-80)/(-15))/8)/((-2)/6). Is -1 + 49 + 0 + b + 0 a multiple of 21?
False
Let k be -2 + 8 + (-2 - 0). Suppose 0*o - k*d = 2*o, 4*o = -4*d + 12. Is 25 + o + 2/1 a multiple of 11?
True
Let b(c) = 33*c**2 + 11*c + 20. Is 30 a factor of b(5)?
True
Suppose -5*p + 10*p - c - 16509 = 0, -5*p + 3*c + 16517 = 0. Is 31 a factor of p?
False
Let s(d) = 162*d + 54. Does 45 divide s(6)?
False
Let m = -24 + 28. Suppose 4*l - y - 1189 = 0, -l + 87 + 223 = m*y. Is 36 a factor of l?
False
Let a(u) = 8*u**2 - 9*u**3 + u**3 + 9*u**3 - 23*u - 17. Is a(-10) a multiple of 2?
False
Is (-4*(-3)/(-18))/((-2)/870) a multiple of 103?
False
Is ((41328/27)/(-8))/((-2)/6) a multiple of 41?
True
Let f(r) = 3*r**2 + 8*r - 14. Let g be f(10). Suppose 3*n + g = 6*n. Is 5 a factor of n?
False
Let y(f) = -2*f**2 - 44*f - 28. Is 3 a factor of y(-19)?
False
Let v be (0 - 1)*4/12*3. Let l(p) = 47*p**2 + 2*p + 2. Does 19 divide l(v)?
False
Let q = -1161 + 1629. Is q a multiple of 117?
True
Let o(c) = -c**2 + 9*c + 14. Let g be o(10). Suppose 278 = 6*q - 2*q + v, q = -g*v + 77. Is 27 a factor of q?
False
Let p(w) = -2*w**3 - 6*w**2 - 4*w - 4. Let f(b) = b**3 - 5*b**2 - 7*b + 2. Suppose 3*n - 6*n = -18. Let o be f(n). Is 22 a factor of p(o)?
True
Let o = -8 + 9. Let v(x) = -3*x + 0 + 4*x - o + 32*x**2 - 4*x**2. Does 14 divide v(1)?
True
Let g be ((-49)/(-4))/(-3*1/(-12))